-6 + 10043?
10035
In base 12, what is -51 + 931?
8a0
In base 6, what is -145 + -10343?
-10532
In base 3, what is -120 - -10022212102?
10022211212
In base 10, what is 70363 - -1?
70364
In base 2, what is 100010001000 - 110000011?
11100000101
In base 5, what is -1423 - -20?
-1403
In base 4, what is 231213022 - 10?
231213012
In base 5, what is -111213300 + 11?
-111213234
In base 4, what is 20002 - -3321?
23323
In base 16, what is -13ed + -35?
-1422
In base 9, what is 38738 - -1?
38740
In base 6, what is 20 + -54134?
-54114
In base 5, what is 10021 + -422?
4044
In base 16, what is 8ba + -5?
8b5
In base 11, what is 638 + -2027?
-149a
In base 7, what is -3 - 2310124?
-2310130
In base 14, what is a2 - 187?
-c5
In base 9, what is 866 - -3603?
4570
In base 14, what is 3089 - 3?
3086
In base 10, what is 46 - 14061?
-14015
In base 10, what is -3 + 59754?
59751
In base 12, what is -90 - 25?
-b5
In base 4, what is 3 - -10303311?
10303320
In base 5, what is 11013401 - 2?
11013344
In base 14, what is -1 + 10516?
10515
In base 7, what is -60 - 30506?
-30566
In base 15, what is e57 + 11c?
1074
In base 3, what is 21 + 2110?
2201
In base 16, what is -a - 7b?
-85
In base 7, what is 6231020 + -1?
6231016
In base 15, what is 66 - -62?
c8
In base 12, what is -7 - -b828?
b821
In base 11, what is -5 + 4763?
4759
In base 5, what is -10210413 - -3?
-10210410
In base 16, what is -3 - -8410?
840d
In base 9, what is -688883 - -4?
-688878
In base 8, what is -1333744 + 0?
-1333744
In base 8, what is -32271 - 0?
-32271
In base 16, what is -a1 - -5?
-9c
In base 16, what is -f4 + -57?
-14b
In base 14, what is -2a08 + -c?
-2a16
In base 5, what is 311023 + -2?
311021
In base 10, what is -1828 - 8?
-1836
In base 8, what is 54 + -22?
32
In base 13, what is -33 - -26?
-a
In base 6, what is 3 - 205511?
-205504
In base 8, what is 43 - 30000?
-27735
In base 13, what is 7b6 + 496?
c7c
In base 10, what is -143820 - 5?
-143825
In base 7, what is 110446 - -2?
110451
In base 7, what is -3446 - 312?
-4061
In base 8, what is -202772 + 0?
-202772
In base 12, what is -2b0 + -20?
-310
In base 5, what is -11200 - 1?
-11201
In base 12, what is 560926 - -3?
560929
In base 11, what is -11 - -96688?
96677
In base 2, what is 100011101010110 + 100?
100011101011010
In base 15, what is -e3 + a8?
-3a
In base 8, what is -3 - -2127600?
2127575
In base 6, what is 4 + 5005?
5013
In base 12, what is 4033 + 5?
4038
In base 5, what is 22 + -310043?
-310021
In base 13, what is 8 - -2c3a?
2c45
In base 10, what is 0 - 2808?
-2808
In base 16, what is 1970c - -9?
19715
In base 7, what is -105 - 243325?
-243433
In base 5, what is 42321 - -131?
43002
In base 7, what is -1453 + 1?
-1452
In base 8, what is -1466476 - 4?
-1466502
In base 16, what is -b + -2064f?
-2065a
In base 2, what is -1101010 + 100111?
-1000011
In base 14, what is 2 + 7792?
7794
In base 16, what is 125c30 + -4?
125c2c
In base 9, what is 25 + 5063?
5088
In base 2, what is 101 - 10100110010?
-10100101101
In base 9, what is 274 + -801?
-516
In base 15, what is 5 + b1c2?
b1c7
In base 15, what is -4e07 - 7?
-4e0e
In base 10, what is 23092 - 0?
23092
In base 4, what is 1201232 + 0?
1201232
In base 10, what is 203773 + 5?
203778
In base 15, what is 1aca - -7?
1ad2
In base 4, what is 320110102 - -2?
320110110
In base 7, what is -3 + 22136644?
22136641
In base 5, what is -4 + -10243230?
-10243234
In base 4, what is -10203123 - 10?
-10203133
In base 2, what is 1101001100010 + 1?
1101001100011
In base 12, what is -259b3 - 2?
-259b5
In base 3, what is 1 + -102220222001?
-102220222000
In base 2, what is -1111011110011111 + -111?
-1111011110100110
In base 16, what is 1 - -d3f4?
d3f5
In base 14, what is 787 + d1?
878
In base 16, what is 0 - 88cfe?
-88cfe
In base 9, what is 71421 + 2?
71423
In base 6, what is 51 - 11025?
-10534
In base 2, what is -10010100000010011 - 101?
-10010100000011000
In base 5, what is 113434 + 13313?
132302
In base 12, what is -53 - 16a2?
-1735
In base 6, what is 154133 + 11?
154144
In base 13, what is 0 + -62908?
-62908
In base 12, what is -a444 + -10?
-a454
In base 13, what is 4303a - 5?
43035
In base 9, what is -52 - 684?
-746
In base 3, what is -100 - 100022210221?
-100022211021
In base 9, what is 151538 + -1?
151537
In base 8, what is 43630 + 171?
44021
In base 16, what is 3 + -ccf?
-ccc
In base 6, what is -412 - 153243?
-154055
In base 16, what is 596a + -8?
5962
In base 11, what is 24 + -16a?
-146
In base 3, what is 0 + 10010021?
10010021
In base 7, what is 2642556 + 2?
2642561
In base 10, what is 3 - -258580?
258583
In base 11, what is 62 + -16275?
-16213
In base 2, what is 0 + -1000000111110001101?
-1000000111110001101
In base 12, what is 2 - -507a?
5080
In base 2, what is 10000111000100010 - 10?
10000111000100000
In base 15, what is -4b559 - 3?
-4b55c
In base 6, what is 3 - -3145023?
3145030
In base 14, what is 243c5 - -6?
243cb
In base 4, what is -203123202 + 30?
-203123112
In base 14, what is -26082 + -b?
-2608d
In base 9, what is -4 - -4857?
4853
In base 14, what is -b2d4 - 25?
-b319
In base 6, what is -3 + 3042?
3035
In base 8, what is 74347 - 1?
74346
In base 10, what is 13935 - -57?
13992
In base 4, what is 333212030 - -3?
333212033
In base 14, what is 1b5 + 1d3a?
2111
In base 4, what is -2302223 - -130?
-2302033
In base 10, what is 3 - 84409?
-84406
In base 9, what is -1 + 280533?
280532
In base 15, what is -34 + 1a0?
16b
In base 5, what is -2 - -314231?
314224
In base 8, what is -4 + 403222?
403216
In base 10, what is 5766 + -17?
5749
In base 9, what is 62 + -816?
-744
In base 12, what is 77051 - a?
77043
In base 8, what is 3205 - 17?
3166
In base 15, what is -5a2dca + -3?
-5a2dcd
In base 15, what is -365e2 - 5?
-365e7
In base 16, what is 569 - d9?
490
In base 12, what is 5411 - 2?
540b
In base 16, what is -4ac6 + -1d?
-4ae3
In base 11, what is 1207a + 3?
12082
In base 5, what is -2134431 + 0?
-2134431
In base 7, what is 6613 + 41?
6654
In base 15, what is 1 + -eeda?
-eed9
In base 16, what is 556 + a29?
f7f
In base 13, what is -573 + 42?
-531
In base 8, what is -520 - 1426?
-2146
In base 11, what is -4 + 691382?
691379
In base 11, what is -7 - -3854?
3848
In base 10, what is -13 - 12601?
-12614
In base 6, what is 20355032 - 3?
20355025
In base 2, what is -11010000110111001000 + -100?
-11010000110111001100
In base 14, what is -4 - 57a4?
-57a8
In base 10, what is 768581 + 3?
768584
In base 9, what is 48 + 4755?
4814
In base 10, what is -64971 - -3?
-64968
In base 16, what is 152 - 1f?
133
In base 9, what is -31 - -265?
234
In base 4, what is 30303 - 212?
30031
In base 6, what is 13401 + -50?
13311
In base 7, what is 20 + -164?
-144
In base 10, what is -5372 + 0?
-5372
In base 14, what is -1 + c755?
c754
In base 2, what is 100 + -10111101101101?
-10111101101001
In base 3, what is -22212001010 - 1?
-22212001011
In base 16, what is 41e5b0 - 5?
41e5ab
In base 14, what is -5 + 2745?
2740
In base 9, what is 12283 - -133?
12426
In base 15, what is -155 + 7c?
-c8
In base 16, what is 17a04 - 3?
17a01
In base 11, what is 18 + -1402?
-1395
In base 12, what is -181 + 9101?
8b40
In base 6, what is 212442 - 34?
212404
In base 7, what is 10041 - 1033?
6005
In base 11, what is 5 + 38748?
38752
In base 9, what is -3534351 + -3?
-3534354
In base 16, what is 16 - 1a6?
-190
In base 5, what is -1 + -2014243?
-2014244
In base 15, what is -a8 - 6a?
-123
In base 12, what is 2 + -124b79?
-124b77
In base 11, what is -4721 - 860?
-5481
In base 13, what is 23 + -6951?
-692b
In base 4, what is 1012333 - -11302?
1030301
In base 2, what is -1000111 + -1110100?
-10111011
In base 15, what is 8ce - -7?
8d6
In base 5, what is 2 + 3240321?
3240323
In base 5, what is 11233021 - 1?
11233020
In base 11, what is 62476 + -3?
62473
In base 15, what is 15 + -29e12?
-29dec
In base 7, what is -2 + 266522?
266520
In base 8, what is 470 + -75?
373
In base 2, what is -11011001011 - -101?
-11011000110
In base 6, what is 40 + -55421?
-55341
In base 2, what is -1001010110 - -100011?
-1000110011
In base 10, what is 1 - 463639?
-463638
In base 15, what is -122 - 2?
-124
In base 8, what is 4554 - 116?
4436
In base 3, what is 1020 + 11022212?
11101002
In base 16, what is -2073b - -4?
-20737
In base 3, what is -12 + 12121102?
12121020
In base 4, what is 10 - 3113233?
-3113223
